{"id":134,"date":"2026-02-27T19:13:15","date_gmt":"2026-02-27T18:13:15","guid":{"rendered":"https:\/\/csv.dfirma.pl\/?post_type=product&#038;p=134"},"modified":"2026-04-02T20:53:20","modified_gmt":"2026-04-02T18:53:20","slug":"bluza-bez-kaptura-zolta","status":"publish","type":"product","link":"https:\/\/csv.dfirma.pl\/index.php\/produkt\/bluza-bez-kaptura-zolta\/","title":{"rendered":"Bluza bez kaptura \u017c\u00f3\u0142ta"},"content":{"rendered":"<p>D\u0142ugi opis produktu BLU-11<\/p>\n","protected":false},"excerpt":{"rendered":"<p>Kr\u00f3tki opis produktu BLU-11<\/p>\n","protected":false},"featured_media":146,"comment_status":"open","ping_status":"closed","template":"","meta":[],"product_brand":[],"product_cat":[24],"product_tag":[],"class_list":{"0":"post-134","1":"product","2":"type-product","3":"status-publish","4":"has-post-thumbnail","6":"product_cat-bez-kaptura","8":"first","9":"instock","10":"taxable","11":"shipping-taxable","12":"purchasable","13":"product-type-simple"},"_links":{"self":[{"href":"https:\/\/csv.dfirma.pl\/index.php\/wp-json\/wp\/v2\/product\/134","targetHints":{"allow":["GET"]}}],"collection":[{"href":"https:\/\/csv.dfirma.pl\/index.php\/wp-json\/wp\/v2\/product"}],"about":[{"href":"https:\/\/csv.dfirma.pl\/index.php\/wp-json\/wp\/v2\/types\/product"}],"replies":[{"embeddable":true,"href":"https:\/\/csv.dfirma.pl\/index.php\/wp-json\/wp\/v2\/comments?post=134"}],"wp:featuredmedia":[{"embeddable":true,"href":"https:\/\/csv.dfirma.pl\/index.php\/wp-json\/wp\/v2\/media\/146"}],"wp:attachment":[{"href":"https:\/\/csv.dfirma.pl\/index.php\/wp-json\/wp\/v2\/media?parent=134"}],"wp:term":[{"taxonomy":"product_brand","embeddable":true,"href":"https:\/\/csv.dfirma.pl\/index.php\/wp-json\/wp\/v2\/product_brand?post=134"},{"taxonomy":"product_cat","embeddable":true,"href":"https:\/\/csv.dfirma.pl\/index.php\/wp-json\/wp\/v2\/product_cat?post=134"},{"taxonomy":"product_tag","embeddable":true,"href":"https:\/\/csv.dfirma.pl\/index.php\/wp-json\/wp\/v2\/product_tag?post=134"}],"curies":[{"name":"wp","href":"https:\/\/api.w.org\/{rel}","templated":true}]}}